{"id":1532,"date":"2018-12-09T23:07:56","date_gmt":"2018-12-09T23:07:56","guid":{"rendered":"https:\/\/villaantiguahotel.com\/?page_id=1532"},"modified":"2019-02-07T19:42:36","modified_gmt":"2019-02-07T19:42:36","slug":"chambre-lits-jumeaux","status":"publish","type":"page","link":"https:\/\/villaantiguahotel.com\/?page_id=1532&lang=fr","title":{"rendered":"Chambre lits jumeaux"},"content":{"rendered":"<div class=\"vce-row-container\"><div class=\"vce-row vce-row--col-gap-30 bg-submenu vce-row-columns--top vce-row-content--top\" id=\"el-ef3fff0c\" data-vce-do-apply=\"all el-ef3fff0c\"><div class=\"vce-row-content\" data-vce-element-content=\"true\"><div class=\"vce-col vce-col--md-100p vce-col--xs-1 vce-col--xs-last vce-col--xs-first vce-col--sm-last vce-col--sm-first vce-col--md-last vce-col--lg-last vce-col--xl-last vce-col--md-first vce-col--lg-first vce-col--xl-first\" id=\"el-45748453\" data-vce-do-apply=\"background border el-45748453\"><div class=\"vce-col-inner\" data-vce-element-content=\"true\" data-vce-do-apply=\"padding margin  el-45748453\"><div class=\"vce-widgets-container\" id=\"submenu-habitaciones\"><div class=\"vce vce-widgets-wrapper\" id=\"el-e429b7a4\" data-vce-do-apply=\"all el-e429b7a4\"><div class=\"menu-submenu-habitaciones-fr-container\"><ul id=\"menu-submenu-habitaciones-fr\" class=\"menu\"><li id=\"menu-item-1527\" class=\"menu-item menu-item-type-post_type menu-item-object-page menu-item-1527\"><a href=\"https:\/\/villaantiguahotel.com\/?page_id=1525&#038;lang=fr\">Chambre Individuelle<\/a><\/li>\n<li id=\"menu-item-1565\" class=\"menu-item menu-item-type-post_type menu-item-object-page menu-item-1565\"><a href=\"https:\/\/villaantiguahotel.com\/?page_id=1535&#038;lang=fr\">Chambre matrimoniale<\/a><\/li>\n<li id=\"menu-item-1564\" class=\"menu-item menu-item-type-post_type menu-item-object-page menu-item-1564\"><a href=\"https:\/\/villaantiguahotel.com\/?page_id=1532&#038;lang=fr\">Chambre lits jumeaux<\/a><\/li>\n<li id=\"menu-item-1563\" class=\"menu-item menu-item-type-post_type menu-item-object-page menu-item-1563\"><a href=\"https:\/\/villaantiguahotel.com\/?page_id=1536&#038;lang=fr\">Chambre Triple<\/a><\/li>\n<li id=\"menu-item-1562\" class=\"menu-item menu-item-type-post_type menu-item-object-page menu-item-1562\"><a href=\"https:\/\/villaantiguahotel.com\/?page_id=1538&#038;lang=fr\">Suite Junior<\/a><\/li>\n<li id=\"menu-item-1561\" class=\"menu-item menu-item-type-post_type menu-item-object-page menu-item-1561\"><a href=\"https:\/\/villaantiguahotel.com\/?page_id=1540&#038;lang=fr\">Suite Principale<\/a><\/li>\n<li id=\"menu-item-1560\" class=\"menu-item menu-item-type-post_type menu-item-object-page menu-item-1560\"><a href=\"https:\/\/villaantiguahotel.com\/?page_id=1533&#038;lang=fr\">Appartement<\/a><\/li>\n<\/ul><\/div><\/div><\/div><\/div><\/div><\/div><\/div><\/div><div class=\"vce-row-container\"><div class=\"vce-row vce-row--col-gap-30 vce-row-columns--top vce-row-content--top\" id=\"el-ba100772\" data-vce-do-apply=\"all el-ba100772\"><div class=\"vce-row-content\" data-vce-element-content=\"true\"><div class=\"vce-col vce-col--md-100p vce-col--xs-1 vce-col--xs-last vce-col--xs-first vce-col--sm-last vce-col--sm-first vce-col--md-last vce-col--lg-last vce-col--xl-last vce-col--md-first vce-col--lg-first vce-col--xl-first\" id=\"el-c07fa0ff\" data-vce-do-apply=\"background border el-c07fa0ff\"><div class=\"vce-col-inner\" id=\"slider\" data-vce-element-content=\"true\" data-vce-do-apply=\"padding margin  el-c07fa0ff\"><div class=\"vce-widgets-container\"><div class=\"vce vce-widgets-wrapper\" id=\"el-afe1442d\" data-vce-do-apply=\"all el-afe1442d\"><\/div><\/div><\/div><\/div><\/div><\/div><\/div><div class=\"vce-row-container\"><div class=\"vce-row vce-row--col-gap-30 vce-row-columns--top vce-row-content--top\" id=\"el-18cc3af2\" data-vce-do-apply=\"all el-18cc3af2\"><div class=\"vce-content-background-container\"><\/div><div class=\"vce-row-content\" data-vce-element-content=\"true\"><div class=\"vce-col vce-col--xs-hide vce-col--xs-first vce-col--sm-hide vce-col--sm-first vce-col--md-10p vce-col--md-visible vce-col--md-first vce-col--lg-15p vce-col--lg-visible vce-col--lg-first vce-col--xl-15p vce-col--xl-visible vce-col--xl-first\" id=\"el-c3756789\" data-vce-do-apply=\"background border el-c3756789\"><div class=\"vce-col-inner\" data-vce-element-content=\"true\" data-vce-do-apply=\"padding margin  el-c3756789\"><\/div><\/div><div class=\"vce-col vce-col--xs-100p vce-col--xs-visible vce-col--xs-last vce-col--sm-100p vce-col--sm-visible vce-col--sm-last vce-col--md-80-58p vce-col--md-visible vce-col--md-last vce-col--lg-70p vce-col--lg-visible vce-col--xl-70p vce-col--xl-visible\" id=\"el-ba9a83aa\" data-vce-do-apply=\"background border el-ba9a83aa\"><div class=\"vce-col-inner\" data-vce-element-content=\"true\" data-vce-do-apply=\"padding margin  el-ba9a83aa\"><div class=\"vce-text-block text-center\"><div class=\"vce-text-block-wrapper vce\" id=\"el-2399f1c0\" data-vce-do-apply=\"all el-2399f1c0\" data-vce-animate=\"vce-o-animate--fadeInUp\"><h4 class=\"title\">Chambre lits jumeaux<\/h4><\/div><\/div><div class=\"vce-row-container\"><div class=\"vce-row vce-row--col-gap-30 my-1 vce-row-columns--top vce-row-content--top\" id=\"el-e5c62790\" data-vce-do-apply=\"all el-e5c62790\"><div class=\"vce-row-content\" data-vce-element-content=\"true\"><div class=\"vce-col vce-col--md-60p vce-col--xs-1 vce-col--xs-last vce-col--xs-first vce-col--sm-last vce-col--sm-first vce-col--md-first vce-col--lg-first vce-col--xl-first\" id=\"el-64d7acd9\" data-vce-do-apply=\"background border el-64d7acd9\"><div class=\"vce-col-inner\" data-vce-element-content=\"true\" data-vce-do-apply=\"padding margin  el-64d7acd9\"><div class=\"vce-text-block\"><div class=\"vce-text-block-wrapper vce\" id=\"el-b5d8fd51\" data-vce-do-apply=\"all el-b5d8fd51\" data-vce-animate=\"vce-o-animate--fadeInUp\"><p><span class=\"tlid-translation translation\"><span class=\"\" title=\"\">Notre chambre lits jumeaux ou double est une excellente option pour partager avec vos parents, amis ou coll\u00e8gues un s\u00e9jour des plus d\u00e9tendus et profiter des services que nous offrons.<\/span><\/span><\/p><p><span title=\"\">La chambre compte avec 2 lits simples et tous <a href=\"https:\/\/villaantiguahotel.com\/fr\/chambres#detailsfr\">les d\u00e9tails g\u00e9n\u00e9raux<\/a>.<\/span><\/p><p><span title=\"\">Il est possible de mettre un berceau.<\/span> <span title=\"\">Les enfants accompagn\u00e9s de moins de 5 ans restent sans frais.<\/span><\/p><\/div><\/div><\/div><\/div><div class=\"vce-col vce-col--md-40p vce-col--xs-1 vce-col--xs-last vce-col--xs-first vce-col--sm-last vce-col--sm-first vce-col--md-last vce-col--lg-last vce-col--xl-last text-justify\" id=\"el-017e5d0c\" data-vce-do-apply=\"background border el-017e5d0c\"><div class=\"vce-col-inner\" data-vce-element-content=\"true\" data-vce-do-apply=\"padding margin  el-017e5d0c\"><div class=\"vce-text-block\"><div class=\"vce-text-block-wrapper vce\" id=\"el-63782e6f\" data-vce-do-apply=\"all el-63782e6f\" data-vce-animate=\"vce-o-animate--fadeInUp\"><h6><span class=\"tlid-translation translation\"><span class=\"\" title=\"\">Sp\u00e9cifications de la chambre:<\/span><br><\/span><\/h6><p><span class=\"tlid-translation translation\"><span class=\"\" title=\"\">Nombre d'invit\u00e9s: 2<\/span><br><span title=\"\">Longueur des lits: 1.95 mts<\/span><br><span title=\"\">Taille de la pi\u00e8ce: 30 - 35 m2<\/span><\/span><\/p><\/div><\/div><\/div><\/div><\/div><\/div><\/div><\/div><\/div><div class=\"vce-col vce-col--xs-hide vce-col--xs-first vce-col--sm-hide vce-col--sm-first vce-col--md-10p vce-col--md-visible vce-col--md-last vce-col--md-first vce-col--lg-15-000000000000002p vce-col--lg-visible vce-col--lg-last vce-col--xl-15-000000000000002p vce-col--xl-visible vce-col--xl-last\" id=\"el-2ccd8f79\" data-vce-do-apply=\"background border el-2ccd8f79\"><div class=\"vce-col-inner\" data-vce-element-content=\"true\" data-vce-do-apply=\"padding margin  el-2ccd8f79\"><\/div><\/div><\/div><\/div><\/div>\n","protected":false},"excerpt":{"rendered":"<p>Chambre lits jumeauxNotre chambre lits jumeaux ou double est une excellente option pour partager avec vos parents, amis ou coll\u00e8gues un s\u00e9jour des plus d\u00e9tendus et profiter des services que nous offrons.La chambre compte avec 2 lits simples et tous les d\u00e9tails g\u00e9n\u00e9raux.Il est possible de mettre un berceau. Les enfants accompagn\u00e9s de moins de [&hellip;]<\/p>\n","protected":false},"author":1,"featured_media":0,"parent":1519,"menu_order":0,"comment_status":"closed","ping_status":"closed","template":"","meta":{"footnotes":""},"class_list":["post-1532","page","type-page","status-publish","hentry"],"yoast_head":"<!-- This site is optimized with the Yoast SEO plugin v27.4 - https:\/\/yoast.com\/product\/yoast-seo-wordpress\/ -->\n<title>Chambre lits jumeaux - Hotel Villa Antigua<\/title>\n<meta name=\"robots\" content=\"index, follow, max-snippet:-1, max-image-preview:large, max-video-preview:-1\" \/>\n<link rel=\"canonical\" href=\"https:\/\/villaantiguahotel.com\/?page_id=1532&lang=fr\" \/>\n<meta property=\"og:locale\" content=\"es_ES\" \/>\n<meta property=\"og:type\" content=\"article\" \/>\n<meta property=\"og:title\" content=\"Chambre lits jumeaux - Hotel Villa Antigua\" \/>\n<meta property=\"og:description\" content=\"Chambre lits jumeauxNotre chambre lits jumeaux ou double est une excellente option pour partager avec vos parents, amis ou coll\u00e8gues un s\u00e9jour des plus d\u00e9tendus et profiter des services que nous offrons.La chambre compte avec 2 lits simples et tous les d\u00e9tails g\u00e9n\u00e9raux.Il est possible de mettre un berceau. Les enfants accompagn\u00e9s de moins de [&hellip;]\" \/>\n<meta property=\"og:url\" content=\"https:\/\/villaantiguahotel.com\/?page_id=1532&amp;lang=fr\" \/>\n<meta property=\"og:site_name\" content=\"Hotel Villa Antigua\" \/>\n<meta property=\"article:publisher\" content=\"https:\/\/www.facebook.com\/Hotel-Villa-Antigua-in-Sucre-Bolivia-136777549722346\/\" \/>\n<meta property=\"article:modified_time\" content=\"2019-02-07T19:42:36+00:00\" \/>\n<meta name=\"twitter:card\" content=\"summary_large_image\" \/>\n<meta name=\"twitter:label1\" content=\"Tiempo de lectura\" \/>\n\t<meta name=\"twitter:data1\" content=\"1 minuto\" \/>\n<script type=\"application\/ld+json\" class=\"yoast-schema-graph\">{\"@context\":\"https:\\\/\\\/schema.org\",\"@graph\":[{\"@type\":\"WebPage\",\"@id\":\"https:\\\/\\\/villaantiguahotel.com\\\/?page_id=1532&lang=fr\",\"url\":\"https:\\\/\\\/villaantiguahotel.com\\\/?page_id=1532&lang=fr\",\"name\":\"Chambre lits jumeaux - Hotel Villa Antigua\",\"isPartOf\":{\"@id\":\"https:\\\/\\\/villaantiguahotel.com\\\/#website\"},\"datePublished\":\"2018-12-09T23:07:56+00:00\",\"dateModified\":\"2019-02-07T19:42:36+00:00\",\"breadcrumb\":{\"@id\":\"https:\\\/\\\/villaantiguahotel.com\\\/?page_id=1532&lang=fr#breadcrumb\"},\"inLanguage\":\"es\",\"potentialAction\":[{\"@type\":\"ReadAction\",\"target\":[\"https:\\\/\\\/villaantiguahotel.com\\\/?page_id=1532&lang=fr\"]}]},{\"@type\":\"BreadcrumbList\",\"@id\":\"https:\\\/\\\/villaantiguahotel.com\\\/?page_id=1532&lang=fr#breadcrumb\",\"itemListElement\":[{\"@type\":\"ListItem\",\"position\":1,\"name\":\"Portada\",\"item\":\"https:\\\/\\\/villaantiguahotel.com\\\/\"},{\"@type\":\"ListItem\",\"position\":2,\"name\":\"Hotel Boutique fr\",\"item\":\"https:\\\/\\\/villaantiguahotel.com\\\/?page_id=1518&lang=fr\"},{\"@type\":\"ListItem\",\"position\":3,\"name\":\"Chambres\",\"item\":\"https:\\\/\\\/villaantiguahotel.com\\\/?page_id=1519&lang=fr\"},{\"@type\":\"ListItem\",\"position\":4,\"name\":\"Chambre lits jumeaux\"}]},{\"@type\":\"WebSite\",\"@id\":\"https:\\\/\\\/villaantiguahotel.com\\\/#website\",\"url\":\"https:\\\/\\\/villaantiguahotel.com\\\/\",\"name\":\"Hotel Boutique Villa Antigua - Sucre, Patrimonio Cultural de la Humanidad\",\"description\":\"\",\"publisher\":{\"@id\":\"https:\\\/\\\/villaantiguahotel.com\\\/#organization\"},\"potentialAction\":[{\"@type\":\"SearchAction\",\"target\":{\"@type\":\"EntryPoint\",\"urlTemplate\":\"https:\\\/\\\/villaantiguahotel.com\\\/?s={search_term_string}\"},\"query-input\":{\"@type\":\"PropertyValueSpecification\",\"valueRequired\":true,\"valueName\":\"search_term_string\"}}],\"inLanguage\":\"es\"},{\"@type\":\"Organization\",\"@id\":\"https:\\\/\\\/villaantiguahotel.com\\\/#organization\",\"name\":\"Hotel Villa Antigua\",\"url\":\"https:\\\/\\\/villaantiguahotel.com\\\/\",\"logo\":{\"@type\":\"ImageObject\",\"inLanguage\":\"es\",\"@id\":\"https:\\\/\\\/villaantiguahotel.com\\\/#\\\/schema\\\/logo\\\/image\\\/\",\"url\":\"https:\\\/\\\/villaantiguahotel.com\\\/wp-content\\\/uploads\\\/2019\\\/03\\\/logo.jpg\",\"contentUrl\":\"https:\\\/\\\/villaantiguahotel.com\\\/wp-content\\\/uploads\\\/2019\\\/03\\\/logo.jpg\",\"width\":240,\"height\":229,\"caption\":\"Hotel Villa Antigua\"},\"image\":{\"@id\":\"https:\\\/\\\/villaantiguahotel.com\\\/#\\\/schema\\\/logo\\\/image\\\/\"},\"sameAs\":[\"https:\\\/\\\/www.facebook.com\\\/Hotel-Villa-Antigua-in-Sucre-Bolivia-136777549722346\\\/\",\"https:\\\/\\\/www.linkedin.com\\\/in\\\/hotel-villa-antigua-villa-6946686b\\\/\"]}]}<\/script>\n<!-- \/ Yoast SEO plugin. -->","yoast_head_json":{"title":"Chambre lits jumeaux - Hotel Villa Antigua","robots":{"index":"index","follow":"follow","max-snippet":"max-snippet:-1","max-image-preview":"max-image-preview:large","max-video-preview":"max-video-preview:-1"},"canonical":"https:\/\/villaantiguahotel.com\/?page_id=1532&lang=fr","og_locale":"es_ES","og_type":"article","og_title":"Chambre lits jumeaux - Hotel Villa Antigua","og_description":"Chambre lits jumeauxNotre chambre lits jumeaux ou double est une excellente option pour partager avec vos parents, amis ou coll\u00e8gues un s\u00e9jour des plus d\u00e9tendus et profiter des services que nous offrons.La chambre compte avec 2 lits simples et tous les d\u00e9tails g\u00e9n\u00e9raux.Il est possible de mettre un berceau. Les enfants accompagn\u00e9s de moins de [&hellip;]","og_url":"https:\/\/villaantiguahotel.com\/?page_id=1532&lang=fr","og_site_name":"Hotel Villa Antigua","article_publisher":"https:\/\/www.facebook.com\/Hotel-Villa-Antigua-in-Sucre-Bolivia-136777549722346\/","article_modified_time":"2019-02-07T19:42:36+00:00","twitter_card":"summary_large_image","twitter_misc":{"Tiempo de lectura":"1 minuto"},"schema":{"@context":"https:\/\/schema.org","@graph":[{"@type":"WebPage","@id":"https:\/\/villaantiguahotel.com\/?page_id=1532&lang=fr","url":"https:\/\/villaantiguahotel.com\/?page_id=1532&lang=fr","name":"Chambre lits jumeaux - Hotel Villa Antigua","isPartOf":{"@id":"https:\/\/villaantiguahotel.com\/#website"},"datePublished":"2018-12-09T23:07:56+00:00","dateModified":"2019-02-07T19:42:36+00:00","breadcrumb":{"@id":"https:\/\/villaantiguahotel.com\/?page_id=1532&lang=fr#breadcrumb"},"inLanguage":"es","potentialAction":[{"@type":"ReadAction","target":["https:\/\/villaantiguahotel.com\/?page_id=1532&lang=fr"]}]},{"@type":"BreadcrumbList","@id":"https:\/\/villaantiguahotel.com\/?page_id=1532&lang=fr#breadcrumb","itemListElement":[{"@type":"ListItem","position":1,"name":"Portada","item":"https:\/\/villaantiguahotel.com\/"},{"@type":"ListItem","position":2,"name":"Hotel Boutique fr","item":"https:\/\/villaantiguahotel.com\/?page_id=1518&lang=fr"},{"@type":"ListItem","position":3,"name":"Chambres","item":"https:\/\/villaantiguahotel.com\/?page_id=1519&lang=fr"},{"@type":"ListItem","position":4,"name":"Chambre lits jumeaux"}]},{"@type":"WebSite","@id":"https:\/\/villaantiguahotel.com\/#website","url":"https:\/\/villaantiguahotel.com\/","name":"Hotel Boutique Villa Antigua - Sucre, Patrimonio Cultural de la Humanidad","description":"","publisher":{"@id":"https:\/\/villaantiguahotel.com\/#organization"},"potentialAction":[{"@type":"SearchAction","target":{"@type":"EntryPoint","urlTemplate":"https:\/\/villaantiguahotel.com\/?s={search_term_string}"},"query-input":{"@type":"PropertyValueSpecification","valueRequired":true,"valueName":"search_term_string"}}],"inLanguage":"es"},{"@type":"Organization","@id":"https:\/\/villaantiguahotel.com\/#organization","name":"Hotel Villa Antigua","url":"https:\/\/villaantiguahotel.com\/","logo":{"@type":"ImageObject","inLanguage":"es","@id":"https:\/\/villaantiguahotel.com\/#\/schema\/logo\/image\/","url":"https:\/\/villaantiguahotel.com\/wp-content\/uploads\/2019\/03\/logo.jpg","contentUrl":"https:\/\/villaantiguahotel.com\/wp-content\/uploads\/2019\/03\/logo.jpg","width":240,"height":229,"caption":"Hotel Villa Antigua"},"image":{"@id":"https:\/\/villaantiguahotel.com\/#\/schema\/logo\/image\/"},"sameAs":["https:\/\/www.facebook.com\/Hotel-Villa-Antigua-in-Sucre-Bolivia-136777549722346\/","https:\/\/www.linkedin.com\/in\/hotel-villa-antigua-villa-6946686b\/"]}]}},"_links":{"self":[{"href":"https:\/\/villaantiguahotel.com\/index.php?rest_route=\/wp\/v2\/pages\/1532","targetHints":{"allow":["GET"]}}],"collection":[{"href":"https:\/\/villaantiguahotel.com\/index.php?rest_route=\/wp\/v2\/pages"}],"about":[{"href":"https:\/\/villaantiguahotel.com\/index.php?rest_route=\/wp\/v2\/types\/page"}],"author":[{"embeddable":true,"href":"https:\/\/villaantiguahotel.com\/index.php?rest_route=\/wp\/v2\/users\/1"}],"replies":[{"embeddable":true,"href":"https:\/\/villaantiguahotel.com\/index.php?rest_route=%2Fwp%2Fv2%2Fcomments&post=1532"}],"version-history":[{"count":0,"href":"https:\/\/villaantiguahotel.com\/index.php?rest_route=\/wp\/v2\/pages\/1532\/revisions"}],"up":[{"embeddable":true,"href":"https:\/\/villaantiguahotel.com\/index.php?rest_route=\/wp\/v2\/pages\/1519"}],"wp:attachment":[{"href":"https:\/\/villaantiguahotel.com\/index.php?rest_route=%2Fwp%2Fv2%2Fmedia&parent=1532"}],"curies":[{"name":"wp","href":"https:\/\/api.w.org\/{rel}","templated":true}]}}