{"id":2983,"date":"2019-01-27T13:41:05","date_gmt":"2019-01-27T13:41:05","guid":{"rendered":"https:\/\/villaantiguahotel.com\/?page_id=2983"},"modified":"2019-01-27T18:29:27","modified_gmt":"2019-01-27T18:29:27","slug":"datenschutzrichtlinie","status":"publish","type":"page","link":"https:\/\/villaantiguahotel.com\/?page_id=2983&lang=de","title":{"rendered":"Datenschutzrichtlinie"},"content":{"rendered":"<div class=\"vce-row-container\"><div class=\"vce-row vce-row--col-gap-30 bg-submenu text-center vce-row-columns--top vce-row-content--top\" id=\"el-b01ec1db\" data-vce-do-apply=\"all el-b01ec1db\"><div class=\"vce-row-content\" data-vce-element-content=\"true\"><div class=\"vce-col vce-col--md-100p vce-col--xs-1 vce-col--xs-last vce-col--xs-first vce-col--sm-last vce-col--sm-first vce-col--md-last vce-col--lg-last vce-col--xl-last vce-col--md-first vce-col--lg-first vce-col--xl-first\" id=\"el-6574e48c\" data-vce-do-apply=\"background border el-6574e48c\"><div class=\"vce-col-inner\" data-vce-element-content=\"true\" data-vce-do-apply=\"padding margin  el-6574e48c\"><div class=\"vce-text-block\"><div class=\"vce-text-block-wrapper vce\" id=\"el-704b5fc8\" data-vce-do-apply=\"all el-704b5fc8\"><h5 class=\"title\">Pol\u00edticas de privacidad<\/h5><\/div><\/div><\/div><\/div><\/div><\/div><\/div><div class=\"vce-row-container\"><div class=\"vce-row vce-row--col-gap-30 mt-3 vce-row-columns--top vce-row-content--top\" id=\"el-fd3666f9\" data-vce-do-apply=\"all el-fd3666f9\"><div class=\"vce-content-background-container\"><\/div><div class=\"vce-row-content\" data-vce-element-content=\"true\"><div class=\"vce-col vce-col--xs-hide vce-col--xs-first vce-col--sm-hide vce-col--sm-first vce-col--md-15p vce-col--md-visible vce-col--md-first vce-col--lg-15p vce-col--lg-visible vce-col--lg-first vce-col--xl-15p vce-col--xl-visible vce-col--xl-first\" id=\"el-5cbeeae7\" data-vce-do-apply=\"background border el-5cbeeae7\"><div class=\"vce-col-inner\" data-vce-element-content=\"true\" data-vce-do-apply=\"padding margin  el-5cbeeae7\"><\/div><\/div><div class=\"vce-col vce-col--xs-100p vce-col--xs-visible vce-col--xs-last vce-col--sm-100p vce-col--sm-visible vce-col--sm-last vce-col--md-70p vce-col--md-visible vce-col--lg-70p vce-col--lg-visible vce-col--xl-70p vce-col--xl-visible\" id=\"el-1e1b120c\" data-vce-do-apply=\"background border el-1e1b120c\"><div class=\"vce-col-inner\" data-vce-element-content=\"true\" data-vce-do-apply=\"padding margin  el-1e1b120c\"><div class=\"vce-text-block text-justify\"><div class=\"vce-text-block-wrapper vce\" id=\"el-1c372279\" data-vce-do-apply=\"all el-1c372279\"><div class=\"main\"><div class=\"content-wrap \"><div class=\"content-body-inner\"><div class=\"policy\"><h4 class=\"text-wrap tlid-copy-target\"><span class=\"tlid-translation translation\">Datenschutzrichtlinie<\/span><\/h4><p><span class=\"tlid-translation translation\">Diese Datenschutzerkl\u00e4rung gilt f\u00fcr www.villaantiguahotel.com, verwaltet von Hotel Villa Antigua.<br><br><strong>Datenerhebung<\/strong><br><br>Dies sind einige der Arten von pers\u00f6nlichen Informationen, die wir sammeln:<\/span><\/p><ul style=\"list-style-type: disc;\"><li><span class=\"tlid-translation translation\">Name, Nachname, E-Mail-Adresse, Telefonnummer und Postanschrift;<\/span><\/li><li><span class=\"tlid-translation translation\">Kreditkarteninformationen (Kartentyp, Kartennummer, Name des Karteninhabers, Ablaufdatum und Sicherheitscode);<\/span><\/li><li><span class=\"tlid-translation translation\">Informationen zu den Aufenthalten der Kunden, z. B. Ankunfts- und Abreisetermine, Sonderw\u00fcnsche, Bemerkungen zu ihren Vorlieben in den Diensten (Zimmer, Einrichtungen oder sonstige genutzte Dienste).<\/span><\/li><\/ul><p><span class=\"tlid-translation translation\">Sie k\u00f6nnen jederzeit die pers\u00f6nlichen Daten ausw\u00e4hlen, die Sie uns zur Verf\u00fcgung stellen m\u00f6chten. Wenn Sie sich jedoch dazu entschlie\u00dfen uns einige Informationen nicht zur Verf\u00fcgung zu stellen, beeinflussen Sie m\u00f6glicherweise einige Ihrer Gesch\u00e4ftst\u00e4tigkeiten oder die Erteilung von Dienstleistungen von uns.<br><br><strong>Datenaufbewahrung<\/strong><br><br>Wir werden Ihre Daten, die m\u00f6glicherweise personenbezogene Daten enthalten, so lange aufbewahren wie wir es f\u00fcr notwendig erachten um Ihnen Dienstleistungen anbieten zu k\u00f6nnen. Wir geben es nicht an Personen oder Beh\u00f6rden au\u00dferhalb des Hotels weiter, au\u00dfer um die bolivianischen gesetzlichen Normen oder Anforderungen einzuhalten. Wenn Sie Fragen zu einer bestimmten Aufbewahrungsfrist f\u00fcr einige Arten von personenbezogenen Daten haben, die wir \u00fcber Sie verarbeiten, wenden Sie sich bitte an <a href=\"mailto:info@villaantiguahotel.com\">info@villaantiguahotel.com<\/a>. Sie k\u00f6nnen uns jederzeit auffordern Ihre Daten in unserer Datenbank zu l\u00f6schen.<\/span><\/p><\/div><\/div><\/div><\/div><\/div><\/div><\/div><\/div><div class=\"vce-col vce-col--xs-hide vce-col--xs-first vce-col--sm-hide vce-col--sm-first vce-col--md-15p vce-col--md-visible vce-col--md-last vce-col--lg-15p vce-col--lg-visible vce-col--lg-last vce-col--xl-15p vce-col--xl-visible vce-col--xl-last\" id=\"el-0ca4e816\" data-vce-do-apply=\"background border el-0ca4e816\"><div class=\"vce-col-inner\" data-vce-element-content=\"true\" data-vce-do-apply=\"padding margin  el-0ca4e816\"><\/div><\/div><\/div><\/div><\/div>\n","protected":false},"excerpt":{"rendered":"<p>Pol\u00edticas de privacidadDatenschutzrichtlinieDiese Datenschutzerkl\u00e4rung gilt f\u00fcr www.villaantiguahotel.com, verwaltet von Hotel Villa Antigua.DatenerhebungDies sind einige der Arten von pers\u00f6nlichen Informationen, die wir sammeln:Name, Nachname, E-Mail-Adresse, Telefonnummer und Postanschrift;Kreditkarteninformationen (Kartentyp, Kartennummer, Name des Karteninhabers, Ablaufdatum und Sicherheitscode);Informationen zu den Aufenthalten der Kunden, z. B. Ankunfts- und Abreisetermine, Sonderw\u00fcnsche, Bemerkungen zu ihren Vorlieben in den Diensten (Zimmer, Einrichtungen [&hellip;]<\/p>\n","protected":false},"author":1,"featured_media":0,"parent":0,"menu_order":0,"comment_status":"closed","ping_status":"closed","template":"","meta":{"footnotes":""},"class_list":["post-2983","page","type-page","status-publish","hentry"],"yoast_head":"<!-- This site is optimized with the Yoast SEO plugin v27.4 - https:\/\/yoast.com\/product\/yoast-seo-wordpress\/ -->\n<title>Datenschutzrichtlinie - Hotel Villa Antigua<\/title>\n<meta name=\"robots\" content=\"index, follow, max-snippet:-1, max-image-preview:large, max-video-preview:-1\" \/>\n<link rel=\"canonical\" href=\"https:\/\/villaantiguahotel.com\/?page_id=2983&lang=de\" \/>\n<meta property=\"og:locale\" content=\"es_ES\" \/>\n<meta property=\"og:type\" content=\"article\" \/>\n<meta property=\"og:title\" content=\"Datenschutzrichtlinie - Hotel Villa Antigua\" \/>\n<meta property=\"og:description\" content=\"Pol\u00edticas de privacidadDatenschutzrichtlinieDiese Datenschutzerkl\u00e4rung gilt f\u00fcr www.villaantiguahotel.com, verwaltet von Hotel Villa Antigua.DatenerhebungDies sind einige der Arten von pers\u00f6nlichen Informationen, die wir sammeln:Name, Nachname, E-Mail-Adresse, Telefonnummer und Postanschrift;Kreditkarteninformationen (Kartentyp, Kartennummer, Name des Karteninhabers, Ablaufdatum und Sicherheitscode);Informationen zu den Aufenthalten der Kunden, z. B. Ankunfts- und Abreisetermine, Sonderw\u00fcnsche, Bemerkungen zu ihren Vorlieben in den Diensten (Zimmer, Einrichtungen [&hellip;]\" \/>\n<meta property=\"og:url\" content=\"https:\/\/villaantiguahotel.com\/?page_id=2983&amp;lang=de\" \/>\n<meta property=\"og:site_name\" content=\"Hotel Villa Antigua\" \/>\n<meta property=\"article:publisher\" content=\"https:\/\/www.facebook.com\/Hotel-Villa-Antigua-in-Sucre-Bolivia-136777549722346\/\" \/>\n<meta property=\"article:modified_time\" content=\"2019-01-27T18:29:27+00:00\" \/>\n<meta name=\"twitter:card\" content=\"summary_large_image\" \/>\n<meta name=\"twitter:label1\" content=\"Tiempo de lectura\" \/>\n\t<meta name=\"twitter:data1\" content=\"1 minuto\" \/>\n<script type=\"application\/ld+json\" class=\"yoast-schema-graph\">{\"@context\":\"https:\\\/\\\/schema.org\",\"@graph\":[{\"@type\":\"WebPage\",\"@id\":\"https:\\\/\\\/villaantiguahotel.com\\\/?page_id=2983&lang=de\",\"url\":\"https:\\\/\\\/villaantiguahotel.com\\\/?page_id=2983&lang=de\",\"name\":\"Datenschutzrichtlinie - Hotel Villa Antigua\",\"isPartOf\":{\"@id\":\"https:\\\/\\\/villaantiguahotel.com\\\/#website\"},\"datePublished\":\"2019-01-27T13:41:05+00:00\",\"dateModified\":\"2019-01-27T18:29:27+00:00\",\"breadcrumb\":{\"@id\":\"https:\\\/\\\/villaantiguahotel.com\\\/?page_id=2983&lang=de#breadcrumb\"},\"inLanguage\":\"es\",\"potentialAction\":[{\"@type\":\"ReadAction\",\"target\":[\"https:\\\/\\\/villaantiguahotel.com\\\/?page_id=2983&lang=de\"]}]},{\"@type\":\"BreadcrumbList\",\"@id\":\"https:\\\/\\\/villaantiguahotel.com\\\/?page_id=2983&lang=de#breadcrumb\",\"itemListElement\":[{\"@type\":\"ListItem\",\"position\":1,\"name\":\"Portada\",\"item\":\"https:\\\/\\\/villaantiguahotel.com\\\/\"},{\"@type\":\"ListItem\",\"position\":2,\"name\":\"Datenschutzrichtlinie\"}]},{\"@type\":\"WebSite\",\"@id\":\"https:\\\/\\\/villaantiguahotel.com\\\/#website\",\"url\":\"https:\\\/\\\/villaantiguahotel.com\\\/\",\"name\":\"Hotel Boutique Villa Antigua - Sucre, Patrimonio Cultural de la Humanidad\",\"description\":\"\",\"publisher\":{\"@id\":\"https:\\\/\\\/villaantiguahotel.com\\\/#organization\"},\"potentialAction\":[{\"@type\":\"SearchAction\",\"target\":{\"@type\":\"EntryPoint\",\"urlTemplate\":\"https:\\\/\\\/villaantiguahotel.com\\\/?s={search_term_string}\"},\"query-input\":{\"@type\":\"PropertyValueSpecification\",\"valueRequired\":true,\"valueName\":\"search_term_string\"}}],\"inLanguage\":\"es\"},{\"@type\":\"Organization\",\"@id\":\"https:\\\/\\\/villaantiguahotel.com\\\/#organization\",\"name\":\"Hotel Villa Antigua\",\"url\":\"https:\\\/\\\/villaantiguahotel.com\\\/\",\"logo\":{\"@type\":\"ImageObject\",\"inLanguage\":\"es\",\"@id\":\"https:\\\/\\\/villaantiguahotel.com\\\/#\\\/schema\\\/logo\\\/image\\\/\",\"url\":\"https:\\\/\\\/villaantiguahotel.com\\\/wp-content\\\/uploads\\\/2019\\\/03\\\/logo.jpg\",\"contentUrl\":\"https:\\\/\\\/villaantiguahotel.com\\\/wp-content\\\/uploads\\\/2019\\\/03\\\/logo.jpg\",\"width\":240,\"height\":229,\"caption\":\"Hotel Villa Antigua\"},\"image\":{\"@id\":\"https:\\\/\\\/villaantiguahotel.com\\\/#\\\/schema\\\/logo\\\/image\\\/\"},\"sameAs\":[\"https:\\\/\\\/www.facebook.com\\\/Hotel-Villa-Antigua-in-Sucre-Bolivia-136777549722346\\\/\",\"https:\\\/\\\/www.linkedin.com\\\/in\\\/hotel-villa-antigua-villa-6946686b\\\/\"]}]}<\/script>\n<!-- \/ Yoast SEO plugin. -->","yoast_head_json":{"title":"Datenschutzrichtlinie - Hotel Villa Antigua","robots":{"index":"index","follow":"follow","max-snippet":"max-snippet:-1","max-image-preview":"max-image-preview:large","max-video-preview":"max-video-preview:-1"},"canonical":"https:\/\/villaantiguahotel.com\/?page_id=2983&lang=de","og_locale":"es_ES","og_type":"article","og_title":"Datenschutzrichtlinie - Hotel Villa Antigua","og_description":"Pol\u00edticas de privacidadDatenschutzrichtlinieDiese Datenschutzerkl\u00e4rung gilt f\u00fcr www.villaantiguahotel.com, verwaltet von Hotel Villa Antigua.DatenerhebungDies sind einige der Arten von pers\u00f6nlichen Informationen, die wir sammeln:Name, Nachname, E-Mail-Adresse, Telefonnummer und Postanschrift;Kreditkarteninformationen (Kartentyp, Kartennummer, Name des Karteninhabers, Ablaufdatum und Sicherheitscode);Informationen zu den Aufenthalten der Kunden, z. B. Ankunfts- und Abreisetermine, Sonderw\u00fcnsche, Bemerkungen zu ihren Vorlieben in den Diensten (Zimmer, Einrichtungen [&hellip;]","og_url":"https:\/\/villaantiguahotel.com\/?page_id=2983&lang=de","og_site_name":"Hotel Villa Antigua","article_publisher":"https:\/\/www.facebook.com\/Hotel-Villa-Antigua-in-Sucre-Bolivia-136777549722346\/","article_modified_time":"2019-01-27T18:29:27+00:00","twitter_card":"summary_large_image","twitter_misc":{"Tiempo de lectura":"1 minuto"},"schema":{"@context":"https:\/\/schema.org","@graph":[{"@type":"WebPage","@id":"https:\/\/villaantiguahotel.com\/?page_id=2983&lang=de","url":"https:\/\/villaantiguahotel.com\/?page_id=2983&lang=de","name":"Datenschutzrichtlinie - Hotel Villa Antigua","isPartOf":{"@id":"https:\/\/villaantiguahotel.com\/#website"},"datePublished":"2019-01-27T13:41:05+00:00","dateModified":"2019-01-27T18:29:27+00:00","breadcrumb":{"@id":"https:\/\/villaantiguahotel.com\/?page_id=2983&lang=de#breadcrumb"},"inLanguage":"es","potentialAction":[{"@type":"ReadAction","target":["https:\/\/villaantiguahotel.com\/?page_id=2983&lang=de"]}]},{"@type":"BreadcrumbList","@id":"https:\/\/villaantiguahotel.com\/?page_id=2983&lang=de#breadcrumb","itemListElement":[{"@type":"ListItem","position":1,"name":"Portada","item":"https:\/\/villaantiguahotel.com\/"},{"@type":"ListItem","position":2,"name":"Datenschutzrichtlinie"}]},{"@type":"WebSite","@id":"https:\/\/villaantiguahotel.com\/#website","url":"https:\/\/villaantiguahotel.com\/","name":"Hotel Boutique Villa Antigua - Sucre, Patrimonio Cultural de la Humanidad","description":"","publisher":{"@id":"https:\/\/villaantiguahotel.com\/#organization"},"potentialAction":[{"@type":"SearchAction","target":{"@type":"EntryPoint","urlTemplate":"https:\/\/villaantiguahotel.com\/?s={search_term_string}"},"query-input":{"@type":"PropertyValueSpecification","valueRequired":true,"valueName":"search_term_string"}}],"inLanguage":"es"},{"@type":"Organization","@id":"https:\/\/villaantiguahotel.com\/#organization","name":"Hotel Villa Antigua","url":"https:\/\/villaantiguahotel.com\/","logo":{"@type":"ImageObject","inLanguage":"es","@id":"https:\/\/villaantiguahotel.com\/#\/schema\/logo\/image\/","url":"https:\/\/villaantiguahotel.com\/wp-content\/uploads\/2019\/03\/logo.jpg","contentUrl":"https:\/\/villaantiguahotel.com\/wp-content\/uploads\/2019\/03\/logo.jpg","width":240,"height":229,"caption":"Hotel Villa Antigua"},"image":{"@id":"https:\/\/villaantiguahotel.com\/#\/schema\/logo\/image\/"},"sameAs":["https:\/\/www.facebook.com\/Hotel-Villa-Antigua-in-Sucre-Bolivia-136777549722346\/","https:\/\/www.linkedin.com\/in\/hotel-villa-antigua-villa-6946686b\/"]}]}},"_links":{"self":[{"href":"https:\/\/villaantiguahotel.com\/index.php?rest_route=\/wp\/v2\/pages\/2983","targetHints":{"allow":["GET"]}}],"collection":[{"href":"https:\/\/villaantiguahotel.com\/index.php?rest_route=\/wp\/v2\/pages"}],"about":[{"href":"https:\/\/villaantiguahotel.com\/index.php?rest_route=\/wp\/v2\/types\/page"}],"author":[{"embeddable":true,"href":"https:\/\/villaantiguahotel.com\/index.php?rest_route=\/wp\/v2\/users\/1"}],"replies":[{"embeddable":true,"href":"https:\/\/villaantiguahotel.com\/index.php?rest_route=%2Fwp%2Fv2%2Fcomments&post=2983"}],"version-history":[{"count":0,"href":"https:\/\/villaantiguahotel.com\/index.php?rest_route=\/wp\/v2\/pages\/2983\/revisions"}],"wp:attachment":[{"href":"https:\/\/villaantiguahotel.com\/index.php?rest_route=%2Fwp%2Fv2%2Fmedia&parent=2983"}],"curies":[{"name":"wp","href":"https:\/\/api.w.org\/{rel}","templated":true}]}}