{"id":40,"date":"2018-11-12T16:20:33","date_gmt":"2018-11-12T16:20:33","guid":{"rendered":"https:\/\/villaantiguahotel.com\/?page_id=40"},"modified":"2021-09-22T09:19:27","modified_gmt":"2021-09-22T09:19:27","slug":"promociones","status":"publish","type":"page","link":"https:\/\/villaantiguahotel.com\/?page_id=40","title":{"rendered":"Promociones"},"content":{"rendered":"<div class=\"vce-row-container\" data-vce-boxed-width=\"true\"><div class=\"vce-row vce-row--col-gap-30 vce-row-columns--top vce-row-content--top\" id=\"el-416edea3\" data-vce-do-apply=\"all el-416edea3\"><div class=\"vce-content-background-container\"><\/div><div class=\"vce-row-content\" data-vce-element-content=\"true\"><div class=\"vce-col vce-col--xs-hide vce-col--xs-first vce-col--sm-hide vce-col--sm-first vce-col--md-15p vce-col--md-visible vce-col--md-first vce-col--lg-15p vce-col--lg-visible vce-col--lg-first vce-col--xl-15p vce-col--xl-visible vce-col--xl-first\" id=\"el-02ec4938\"><div class=\"vce-col-inner\" data-vce-do-apply=\"border margin background  el-02ec4938\"><div class=\"vce-col-content\" data-vce-element-content=\"true\" data-vce-do-apply=\"padding el-02ec4938\"><\/div><\/div><\/div><div class=\"vce-col vce-col--xs-100p vce-col--xs-visible vce-col--xs-last vce-col--sm-100p vce-col--sm-visible vce-col--sm-last vce-col--md-70p vce-col--md-visible vce-col--lg-70p vce-col--lg-visible vce-col--xl-70p vce-col--xl-visible\" id=\"el-80b4ec4f\"><div class=\"vce-col-inner\" data-vce-do-apply=\"border margin background  el-80b4ec4f\"><div class=\"vce-content-background-container\"><\/div><div class=\"vce-col-content\" data-vce-element-content=\"true\" data-vce-do-apply=\"padding el-80b4ec4f\"><div class=\"vce-text-block text-center\"><div class=\"vce-text-block-wrapper vce\" id=\"el-695f1496\" data-vce-do-apply=\"all el-695f1496\"><h4 class=\"title\">Promociones<\/h4><\/div><\/div><div class=\"vce-google-fonts-heading vce-google-fonts-heading--align-center vce-google-fonts-heading--color-empty--45--5C00FF--FF7200 vce-google-fonts-heading--font-family-Lato\"><div class=\"vce-google-fonts-heading-wrapper\"><div class=\"vce-google-fonts-heading--background vce\" id=\"el-28f23ca0\" data-vce-do-apply=\"border background  padding margin el-28f23ca0\"><h2 class=\"vce-google-fonts-heading-inner\" style=\"font-size: 25px; font-weight: 700;\"><a class=\"vce-google-fonts-heading-link\" href=\"https:\/\/app.thebookingbutton.com\/properties\/hotelvillaantiguadirect\" title=\"Formulario de reserva\" target=\"_blank\" rel=\"noopener\">Por el periodo de la pandemia COVID-19 tenemos una promoci\u00f3n especial para los pr\u00f3ximos meses. Cliquee ac\u00e1 y en el formulario de reserva llene el c\u00f3digo promocional: promotion<\/a><\/h2><\/div><\/div><\/div><div class=\"vce-row-container\" data-vce-boxed-width=\"true\"><div class=\"vce-row vce-row--col-gap-30 vce-row-columns--top vce-row-content--top\" id=\"el-e487c5a4\" data-vce-do-apply=\"all el-e487c5a4\"><div class=\"vce-content-background-container\"><\/div><div class=\"vce-row-content\" data-vce-element-content=\"true\"><div class=\"vce-col vce-col--md-66-86p vce-col--xs-1 vce-col--xs-last vce-col--xs-first vce-col--sm-last vce-col--sm-first vce-col--md-first vce-col--lg-first vce-col--xl-first\" id=\"el-d1a7db4d\"><div class=\"vce-col-inner\" data-vce-do-apply=\"border margin background  el-d1a7db4d\"><div class=\"vce-col-content\" data-vce-element-content=\"true\" data-vce-do-apply=\"padding el-d1a7db4d\"><div class=\"vce-text-block\"><div class=\"vce-text-block-wrapper vce\" id=\"el-fa02b341\" data-vce-do-apply=\"all el-fa02b341\"><h5>Descuento desde la 2nda noche<\/h5><div id=\"el-53f4009a\" class=\"vce-col vce-col--md-66-86p vce-col--xs-1 vce-col--xs-last vce-col--xs-first vce-col--sm-last vce-col--sm-first vce-col--md-first vce-col--lg-first vce-col--xl-first\" data-vce-do-apply=\"background border el-53f4009a\"><div class=\"vce-col-inner\" data-vce-element-content=\"true\" data-vce-do-apply=\"padding margin  el-53f4009a\"><div class=\"vce-text-block\"><div id=\"el-d0423dc8\" class=\"vce-text-block-wrapper vce\" data-vce-do-apply=\"all el-d0423dc8\"><ul><li>Qued\u00e1ndose 2 noches, autom\u00e1ticamente en el proceso de reserva se aplicar\u00e1 un descuento del 5%.<\/li><li>Qued\u00e1ndose 3 o m\u00e1s noches, el descuento aplicado es de 10%.<\/li><\/ul><\/div><\/div><\/div><\/div><div id=\"el-a246303a\" class=\"vce-col vce-col--md-33-12p vce-col--xs-1 vce-col--xs-last vce-col--xs-first vce-col--sm-last vce-col--sm-first vce-col--md-last vce-col--lg-last vce-col--xl-last\" data-vce-do-apply=\"background border el-a246303a\"><div class=\"vce-col-inner\" data-vce-element-content=\"true\" data-vce-do-apply=\"padding margin  el-a246303a\"><div class=\"vce-raw-html\">&nbsp;<\/div><\/div><\/div><\/div><\/div><\/div><\/div><\/div><div class=\"vce-col vce-col--md-33-12p vce-col--xs-1 vce-col--xs-last vce-col--xs-first vce-col--sm-last vce-col--sm-first vce-col--md-last vce-col--lg-last vce-col--xl-last\" id=\"el-d464e56b\"><div class=\"vce-col-inner\" data-vce-do-apply=\"border margin background  el-d464e56b\"><div class=\"vce-col-content\" data-vce-element-content=\"true\" data-vce-do-apply=\"padding el-d464e56b\"><div class=\"vce-raw-html\"><div class=\"vce-raw-html-wrapper\" id=\"el-33b68ce3\" data-vce-do-apply=\"all el-33b68ce3\"><div class=\"ibe\" data-region=\"emea\" data-channelcode=\"hotelvillaantiguadirect\" data-widget=\"property_check_availability\"><\/div><\/div><\/div><\/div><\/div><\/div><\/div><\/div><\/div><div class=\"vce-text-block\"><div class=\"vce-text-block-wrapper vce\" id=\"el-b84f8426\" data-vce-do-apply=\"all el-b84f8426\"><h5 style=\"line-height: inherit;\">Largas estad\u00edas en Sucre<\/h5><\/div><\/div><div class=\"vce-row-container\" data-vce-boxed-width=\"true\"><div class=\"vce-row vce-row--col-gap-0 vce-row-equal-height vce-row-columns--top vce-row-content--top\" id=\"el-ffdfa420\" data-vce-do-apply=\"all el-ffdfa420\"><div class=\"vce-content-background-container\"><\/div><div class=\"vce-row-content\" data-vce-element-content=\"true\"><div class=\"vce-col vce-col--md-33p vce-col--xs-1 vce-col--xs-last vce-col--xs-first vce-col--sm-last vce-col--sm-first vce-col--md-first vce-col--lg-first vce-col--xl-first\" id=\"el-2860082e\"><div class=\"vce-col-inner\" data-vce-do-apply=\"border margin background  el-2860082e\"><div class=\"vce-content-background-container\"><\/div><div class=\"vce-col-content\" data-vce-element-content=\"true\" data-vce-do-apply=\"padding el-2860082e\"><div class=\"vce-raw-html\"><div class=\"vce-raw-html-wrapper\" id=\"el-2bb9a303\" data-vce-do-apply=\"all el-2bb9a303\"><div style=\"min-height:220px;background-color:#eee;width:100%;background:url('https:\/\/villaantiguahotel.com\/wp-content\/uploads\/2021\/02\/jardin-12-1024x765.jpg');background-repeat:no-repeat;background-position: center;background-size: cover;\"><\/div><\/div><\/div><\/div><\/div><\/div><div class=\"vce-col vce-col--md-67p vce-col--xs-1 vce-col--xs-last vce-col--xs-first vce-col--sm-last vce-col--sm-first vce-col--md-last vce-col--lg-last vce-col--xl-last\" id=\"el-7e82134d\"><div class=\"vce-col-inner\" data-vce-do-apply=\"border margin background  el-7e82134d\"><div class=\"vce-col-content\" data-vce-element-content=\"true\" data-vce-do-apply=\"padding el-7e82134d\"><div class=\"vce-text-block\"><div class=\"vce-text-block-wrapper vce\" id=\"el-02e8b8fe\" data-vce-do-apply=\"all el-02e8b8fe\"><div class=\"vce-col-inner\" data-vce-element-content=\"true\" data-vce-do-apply=\"padding margin  el-05130639\"><div class=\"vce-text-block\"><div id=\"el-b222b756\" class=\"vce-text-block-wrapper vce\" data-vce-do-apply=\"all el-b222b756\"><p>Por permanencias mayores a 7 d\u00edas le damos un descuento de 25%. Siga el proceso de reserva y autom\u00e1ticamente aparecer\u00e1 el precio con descuento.<\/p><p>Si desee no tener incluido el desayuno buffet en el precio o si su estad\u00eda a\u00fan m\u00e1s larga podr\u00eda merecer un descuento adicional, env\u00edenos un mensaje a <a href=\"mailto:info@villaantiguahotel.com\">info@villaantiguahotel.com<\/a>&nbsp;y le haremos una propuesta especial.<\/p><\/div><\/div><\/div><\/div><\/div><\/div><\/div><\/div><\/div><\/div><\/div><div class=\"vce-row-container\" data-vce-boxed-width=\"true\"><div class=\"vce-row vce-row--col-gap-30 vce-row-columns--top vce-row-content--top\" id=\"el-aabf419a\" data-vce-do-apply=\"all el-aabf419a\"><div class=\"vce-content-background-container\"><\/div><div class=\"vce-row-content\" data-vce-element-content=\"true\"><div class=\"vce-col vce-col--md-67-01p vce-col--xs-1 vce-col--xs-last vce-col--xs-first vce-col--sm-last vce-col--sm-first vce-col--md-first vce-col--lg-first vce-col--xl-first\" id=\"el-ec616920\"><div class=\"vce-col-inner\" data-vce-do-apply=\"border margin background  el-ec616920\"><div class=\"vce-col-content\" data-vce-element-content=\"true\" data-vce-do-apply=\"padding el-ec616920\"><div class=\"vce-text-block\"><div class=\"vce-text-block-wrapper vce\" id=\"el-dc2de02b\" data-vce-do-apply=\"all el-dc2de02b\"><h5>Descuentos de \u00e9poca<\/h5><p>Para ver si tenemos promociones de \u00e9poca en los d\u00edas tranquilos, que pueden llegar hasta un 15% de descuento sobre todos nuestros precios, llena en el proceso de reserva el c\u00f3digo Villatranquila.<\/p><\/div><\/div><\/div><\/div><\/div><div class=\"vce-col vce-col--md-32-99p vce-col--xs-1 vce-col--xs-last vce-col--xs-first vce-col--sm-last vce-col--sm-first vce-col--md-last vce-col--lg-last vce-col--xl-last\" id=\"el-5fa27067\"><div class=\"vce-col-inner\" data-vce-do-apply=\"border margin background  el-5fa27067\"><div class=\"vce-col-content\" data-vce-element-content=\"true\" data-vce-do-apply=\"padding el-5fa27067\"><div class=\"vce-raw-html\"><div class=\"vce-raw-html-wrapper\" id=\"el-4ef9f35b\" data-vce-do-apply=\"all el-4ef9f35b\"><div class=\"ibe\" data-region=\"emea\" data-channelcode=\"hotelvillaantiguadirect\" data-widget=\"property_check_availability\"><\/div><\/div><\/div><\/div><\/div><\/div><\/div><\/div><\/div><div class=\"vce-row-container\" data-vce-boxed-width=\"true\"><div class=\"vce-row vce-row--col-gap-30 vce-row-columns--top vce-row-content--top\" id=\"el-19288c18\" data-vce-do-apply=\"all el-19288c18\"><div class=\"vce-row-content\" data-vce-element-content=\"true\"><div class=\"vce-col vce-col--md-100p vce-col--xs-1 vce-col--xs-last vce-col--xs-first vce-col--sm-last vce-col--sm-first vce-col--md-last vce-col--lg-last vce-col--xl-last vce-col--md-first vce-col--lg-first vce-col--xl-first\" id=\"el-0b3d8484\"><div class=\"vce-col-inner\" data-vce-do-apply=\"border margin background  el-0b3d8484\"><div class=\"vce-col-content\" data-vce-element-content=\"true\" data-vce-do-apply=\"padding el-0b3d8484\"><div class=\"vce-text-block\"><div class=\"vce-text-block-wrapper vce\" id=\"el-c087944c\" data-vce-do-apply=\"all el-c087944c\"><h5>Estad\u00eda aprendizaje espa\u00f1ol<\/h5><p>Sucre es ideal para aprender el espa\u00f1ol, ya que es un lugar tranquilo y la forma de hablar de la gente es clara y m\u00e1s f\u00e1cil de comprender. Le damos un 5 % extra de descuento, que pueda incrementarse dependiendo de la longitud de su estad\u00eda y si desee o no incluir nuestro desayuno buffet.<\/p><p>Con gusto le ayudamos elegir la escuela de espa\u00f1ol.<\/p><p><a href=\"https:\/\/villaantiguahotel.com\/promociones\/escuela-espanol\/\">+ M\u00e1s informaci\u00f3n sobre centros de aprendizaje y formulario de reserva<\/a><\/p><\/div><\/div><\/div><\/div><\/div><\/div><\/div><\/div><div class=\"vce-text-block\"><div class=\"vce-text-block-wrapper vce\" id=\"el-4f4df0b1\" data-vce-do-apply=\"all el-4f4df0b1\"><h5 style=\"line-height: inherit;\">Su m\u00e1s feliz Noche de Bodas<\/h5><\/div><\/div><div class=\"vce-row-container\" data-vce-boxed-width=\"true\"><div class=\"vce-row vce-row--xl--has-col-background vce-row--lg--has-col-background vce-row--md--has-col-background vce-row--sm--has-col-background vce-row--xs--has-col-background vce-row--col-gap-0 vce-row-equal-height vce-row-columns--top vce-row-content--top\" id=\"el-fea6d7af\" data-vce-do-apply=\"all el-fea6d7af\"><div class=\"vce-content-background-container\"><\/div><div class=\"vce-row-content\" data-vce-element-content=\"true\"><div class=\"vce-col vce-element--xl--has-background vce-element--lg--has-background vce-element--md--has-background vce-element--sm--has-background vce-element--xs--has-background vce-col--md-33p vce-col--xs-1 vce-col--xs-last vce-col--xs-first vce-col--sm-last vce-col--sm-first vce-col--md-first vce-col--lg-first vce-col--xl-first\" id=\"el-97ef9fc7\"><div class=\"vce-col-inner\" data-vce-do-apply=\"border margin background  el-97ef9fc7\"><div class=\"vce-content-background-container\"><div class=\"vce-asset-background-simple-container vce-visible-xl-only vce-asset-background-simple--style-cover vce-asset-background-simple--position-center-top\"><div class=\"vce-asset-background-simple\"><div class=\"vce-asset-background-simple-item\" style=\"background-image: url('http:\/\/web.villaantiguahotel.com\/wp-content\/uploads\/2019\/01\/IMG_9658-2-1.jpg');\"><\/div><\/div><\/div><div class=\"vce-asset-background-simple-container vce-visible-lg-only vce-asset-background-simple--style-cover vce-asset-background-simple--position-left-center\"><div class=\"vce-asset-background-simple\"><div class=\"vce-asset-background-simple-item\" style=\"background-image: url('http:\/\/web.villaantiguahotel.com\/wp-content\/uploads\/2018\/12\/33662847062c.jpg');\"><\/div><\/div><\/div><div class=\"vce-asset-background-simple-container vce-visible-md-only vce-asset-background-simple--style-cover vce-asset-background-simple--position-left-center\"><div class=\"vce-asset-background-simple\"><div class=\"vce-asset-background-simple-item\" style=\"background-image: url('http:\/\/web.villaantiguahotel.com\/wp-content\/uploads\/2018\/12\/33662847062c.jpg');\"><\/div><\/div><\/div><div class=\"vce-asset-background-simple-container vce-visible-sm-only vce-asset-background-simple--style-cover vce-asset-background-simple--position-left-center\"><div class=\"vce-asset-background-simple\"><div class=\"vce-asset-background-simple-item\" style=\"background-image: url('http:\/\/web.villaantiguahotel.com\/wp-content\/uploads\/2018\/12\/33662847062c.jpg');\"><\/div><\/div><\/div><div class=\"vce-asset-background-simple-container vce-visible-xs-only vce-asset-background-simple--style-cover vce-asset-background-simple--position-center-center\"><div class=\"vce-asset-background-simple\"><div class=\"vce-asset-background-simple-item\" style=\"background-image: url('http:\/\/web.villaantiguahotel.com\/wp-content\/uploads\/2018\/12\/33662847062c.jpg');\"><\/div><\/div><\/div><\/div><div class=\"vce-col-content\" data-vce-element-content=\"true\" data-vce-do-apply=\"padding el-97ef9fc7\"><div class=\"vce-raw-html\"><div class=\"vce-raw-html-wrapper\" id=\"el-54fe8663\" data-vce-do-apply=\"all el-54fe8663\"><div style=\"min-height:220px;background-color:#eee;width:100%;background:url('https:\/\/villaantiguahotel.com\/wp-content\/uploads\/2019\/01\/IMG_9658-2-1.jpg');background-repeat:no-repeat;background-position: center;background-size: cover;\"><\/div><\/div><\/div><\/div><\/div><\/div><div class=\"vce-col vce-col--md-67p vce-col--xs-1 vce-col--xs-last vce-col--xs-first vce-col--sm-last vce-col--sm-first vce-col--md-last vce-col--lg-last vce-col--xl-last\" id=\"el-42903169\"><div class=\"vce-col-inner\" data-vce-do-apply=\"border margin background  el-42903169\"><div class=\"vce-col-content\" data-vce-element-content=\"true\" data-vce-do-apply=\"padding el-42903169\"><div class=\"vce-text-block\"><div class=\"vce-text-block-wrapper vce\" id=\"el-a82444ce\" data-vce-do-apply=\"all el-a82444ce\"><div id=\"el-19d04709\" class=\"vce-col vce-col--md-67p vce-col--xs-1 vce-col--xs-last vce-col--xs-first vce-col--sm-last vce-col--sm-first vce-col--md-last vce-col--lg-last vce-col--xl-last\" data-vce-do-apply=\"background border el-19d04709\"><div class=\"vce-col-inner\" data-vce-element-content=\"true\" data-vce-do-apply=\"padding margin el-19d04709\"><div class=\"vce-text-block\"><div id=\"el-ddec5143\" class=\"vce-text-block-wrapper vce\" data-vce-do-apply=\"all el-ddec5143\"><p>En nuestra master suite a 155 US$, incluye flores, champ\u00e1n, desayuno rom\u00e1ntico y decoraci\u00f3n especial.<\/p><p>No dude en pedir por otros paquetes.<\/p><p><a href=\"https:\/\/villaantiguahotel.com\/promociones\/noche-de-bodas\/\">+ Llene el formulario de pedido<\/a><\/p><\/div><\/div><\/div><\/div><\/div><\/div><\/div><\/div><\/div><\/div><\/div><\/div><\/div><\/div><\/div><div class=\"vce-col vce-col--xs-hide vce-col--xs-first vce-col--sm-hide vce-col--sm-first vce-col--md-15p vce-col--md-visible vce-col--md-last vce-col--lg-15p vce-col--lg-visible vce-col--lg-last vce-col--xl-15p vce-col--xl-visible vce-col--xl-last\" id=\"el-879716b9\"><div class=\"vce-col-inner\" data-vce-do-apply=\"border margin background  el-879716b9\"><div class=\"vce-col-content\" data-vce-element-content=\"true\" data-vce-do-apply=\"padding el-879716b9\"><\/div><\/div><\/div><\/div><\/div><\/div>\n<p style=\"position:absolute; top:-9999px;\">One Casino Cashback The operator also offers a no-wager bonus for those who have had a bad time winning lately. Les produits sign\u00e9s par Playtech Nous proposons pareillement des slots con\u00e7ues par Playtech. It does not yet provide a dedicated mobile application for iOS or Android devices, but its mobile site can still be accessed in the browser <a href=\"https:\/\/mejoresonlinecasino.org\/\">www.mejoresonlinecasino.org<\/a>. S\u00e5 svaret er \u201cnei\u201d p\u00e5 om det er svindel p\u00e5 noen av v\u00e5re opplistede casinoer.<\/p>\n","protected":false},"excerpt":{"rendered":"<p>PromocionesPor el periodo de la pandemia COVID-19 tenemos una promoci\u00f3n especial para los pr\u00f3ximos meses. Cliquee ac\u00e1 y en el formulario de reserva llene el c\u00f3digo promocional: promotionDescuento desde la 2nda nocheQued\u00e1ndose 2 noches, autom\u00e1ticamente en el proceso de reserva se aplicar\u00e1 un descuento del 5%.Qued\u00e1ndose 3 o m\u00e1s noches, el descuento aplicado es de [&hellip;]<\/p>\n","protected":false},"author":1,"featured_media":0,"parent":0,"menu_order":0,"comment_status":"closed","ping_status":"open","template":"","meta":{"footnotes":""},"class_list":["post-40","page","type-page","status-publish","hentry"],"yoast_head":"<!-- This site is optimized with the Yoast SEO plugin v27.4 - https:\/\/yoast.com\/product\/yoast-seo-wordpress\/ -->\n<title>Promociones de Hospedaje - Hotel Villa Antigua en Sucre Bolivia<\/title>\n<meta name=\"description\" content=\"Descuentos por estad\u00eda larga, clases de espa\u00f1ol, \u00e9pocas bajas; oferta de Noche de Bodas; y otras. En Hotel Villa Antigua en Sucre Bolivia.\" \/>\n<meta name=\"robots\" content=\"index, follow, max-snippet:-1, max-image-preview:large, max-video-preview:-1\" \/>\n<link rel=\"canonical\" href=\"https:\/\/villaantiguahotel.com\/?page_id=40\" \/>\n<meta property=\"og:locale\" content=\"es_ES\" \/>\n<meta property=\"og:type\" content=\"article\" \/>\n<meta property=\"og:title\" content=\"Promociones de Hospedaje - Hotel Villa Antigua en Sucre Bolivia\" \/>\n<meta property=\"og:description\" content=\"Descuentos por estad\u00eda larga, clases de espa\u00f1ol, \u00e9pocas bajas; oferta de Noche de Bodas; y otras. En Hotel Villa Antigua en Sucre Bolivia.\" \/>\n<meta property=\"og:url\" content=\"https:\/\/villaantiguahotel.com\/?page_id=40\" \/>\n<meta property=\"og:site_name\" content=\"Hotel Villa Antigua\" \/>\n<meta property=\"article:publisher\" content=\"https:\/\/www.facebook.com\/Hotel-Villa-Antigua-in-Sucre-Bolivia-136777549722346\/\" \/>\n<meta property=\"article:modified_time\" content=\"2021-09-22T09:19:27+00:00\" \/>\n<meta name=\"twitter:card\" content=\"summary_large_image\" \/>\n<meta name=\"twitter:label1\" content=\"Tiempo de lectura\" \/>\n\t<meta name=\"twitter:data1\" content=\"2 minutos\" \/>\n<script type=\"application\/ld+json\" class=\"yoast-schema-graph\">{\"@context\":\"https:\\\/\\\/schema.org\",\"@graph\":[{\"@type\":\"WebPage\",\"@id\":\"https:\\\/\\\/villaantiguahotel.com\\\/?page_id=40\",\"url\":\"https:\\\/\\\/villaantiguahotel.com\\\/?page_id=40\",\"name\":\"Promociones de Hospedaje - Hotel Villa Antigua en Sucre Bolivia\",\"isPartOf\":{\"@id\":\"https:\\\/\\\/villaantiguahotel.com\\\/#website\"},\"datePublished\":\"2018-11-12T16:20:33+00:00\",\"dateModified\":\"2021-09-22T09:19:27+00:00\",\"description\":\"Descuentos por estad\u00eda larga, clases de espa\u00f1ol, \u00e9pocas bajas; oferta de Noche de Bodas; y otras. En Hotel Villa Antigua en Sucre Bolivia.\",\"breadcrumb\":{\"@id\":\"https:\\\/\\\/villaantiguahotel.com\\\/?page_id=40#breadcrumb\"},\"inLanguage\":\"es\",\"potentialAction\":[{\"@type\":\"ReadAction\",\"target\":[\"https:\\\/\\\/villaantiguahotel.com\\\/?page_id=40\"]}]},{\"@type\":\"BreadcrumbList\",\"@id\":\"https:\\\/\\\/villaantiguahotel.com\\\/?page_id=40#breadcrumb\",\"itemListElement\":[{\"@type\":\"ListItem\",\"position\":1,\"name\":\"Portada\",\"item\":\"https:\\\/\\\/villaantiguahotel.com\\\/\"},{\"@type\":\"ListItem\",\"position\":2,\"name\":\"Promociones\"}]},{\"@type\":\"WebSite\",\"@id\":\"https:\\\/\\\/villaantiguahotel.com\\\/#website\",\"url\":\"https:\\\/\\\/villaantiguahotel.com\\\/\",\"name\":\"Hotel Boutique Villa Antigua - Sucre, Patrimonio Cultural de la Humanidad\",\"description\":\"\",\"publisher\":{\"@id\":\"https:\\\/\\\/villaantiguahotel.com\\\/#organization\"},\"potentialAction\":[{\"@type\":\"SearchAction\",\"target\":{\"@type\":\"EntryPoint\",\"urlTemplate\":\"https:\\\/\\\/villaantiguahotel.com\\\/?s={search_term_string}\"},\"query-input\":{\"@type\":\"PropertyValueSpecification\",\"valueRequired\":true,\"valueName\":\"search_term_string\"}}],\"inLanguage\":\"es\"},{\"@type\":\"Organization\",\"@id\":\"https:\\\/\\\/villaantiguahotel.com\\\/#organization\",\"name\":\"Hotel Villa Antigua\",\"url\":\"https:\\\/\\\/villaantiguahotel.com\\\/\",\"logo\":{\"@type\":\"ImageObject\",\"inLanguage\":\"es\",\"@id\":\"https:\\\/\\\/villaantiguahotel.com\\\/#\\\/schema\\\/logo\\\/image\\\/\",\"url\":\"https:\\\/\\\/villaantiguahotel.com\\\/wp-content\\\/uploads\\\/2019\\\/03\\\/logo.jpg\",\"contentUrl\":\"https:\\\/\\\/villaantiguahotel.com\\\/wp-content\\\/uploads\\\/2019\\\/03\\\/logo.jpg\",\"width\":240,\"height\":229,\"caption\":\"Hotel Villa Antigua\"},\"image\":{\"@id\":\"https:\\\/\\\/villaantiguahotel.com\\\/#\\\/schema\\\/logo\\\/image\\\/\"},\"sameAs\":[\"https:\\\/\\\/www.facebook.com\\\/Hotel-Villa-Antigua-in-Sucre-Bolivia-136777549722346\\\/\",\"https:\\\/\\\/www.linkedin.com\\\/in\\\/hotel-villa-antigua-villa-6946686b\\\/\"]}]}<\/script>\n<!-- \/ Yoast SEO plugin. -->","yoast_head_json":{"title":"Promociones de Hospedaje - Hotel Villa Antigua en Sucre Bolivia","description":"Descuentos por estad\u00eda larga, clases de espa\u00f1ol, \u00e9pocas bajas; oferta de Noche de Bodas; y otras. En Hotel Villa Antigua en Sucre Bolivia.","robots":{"index":"index","follow":"follow","max-snippet":"max-snippet:-1","max-image-preview":"max-image-preview:large","max-video-preview":"max-video-preview:-1"},"canonical":"https:\/\/villaantiguahotel.com\/?page_id=40","og_locale":"es_ES","og_type":"article","og_title":"Promociones de Hospedaje - Hotel Villa Antigua en Sucre Bolivia","og_description":"Descuentos por estad\u00eda larga, clases de espa\u00f1ol, \u00e9pocas bajas; oferta de Noche de Bodas; y otras. En Hotel Villa Antigua en Sucre Bolivia.","og_url":"https:\/\/villaantiguahotel.com\/?page_id=40","og_site_name":"Hotel Villa Antigua","article_publisher":"https:\/\/www.facebook.com\/Hotel-Villa-Antigua-in-Sucre-Bolivia-136777549722346\/","article_modified_time":"2021-09-22T09:19:27+00:00","twitter_card":"summary_large_image","twitter_misc":{"Tiempo de lectura":"2 minutos"},"schema":{"@context":"https:\/\/schema.org","@graph":[{"@type":"WebPage","@id":"https:\/\/villaantiguahotel.com\/?page_id=40","url":"https:\/\/villaantiguahotel.com\/?page_id=40","name":"Promociones de Hospedaje - Hotel Villa Antigua en Sucre Bolivia","isPartOf":{"@id":"https:\/\/villaantiguahotel.com\/#website"},"datePublished":"2018-11-12T16:20:33+00:00","dateModified":"2021-09-22T09:19:27+00:00","description":"Descuentos por estad\u00eda larga, clases de espa\u00f1ol, \u00e9pocas bajas; oferta de Noche de Bodas; y otras. En Hotel Villa Antigua en Sucre Bolivia.","breadcrumb":{"@id":"https:\/\/villaantiguahotel.com\/?page_id=40#breadcrumb"},"inLanguage":"es","potentialAction":[{"@type":"ReadAction","target":["https:\/\/villaantiguahotel.com\/?page_id=40"]}]},{"@type":"BreadcrumbList","@id":"https:\/\/villaantiguahotel.com\/?page_id=40#breadcrumb","itemListElement":[{"@type":"ListItem","position":1,"name":"Portada","item":"https:\/\/villaantiguahotel.com\/"},{"@type":"ListItem","position":2,"name":"Promociones"}]},{"@type":"WebSite","@id":"https:\/\/villaantiguahotel.com\/#website","url":"https:\/\/villaantiguahotel.com\/","name":"Hotel Boutique Villa Antigua - Sucre, Patrimonio Cultural de la Humanidad","description":"","publisher":{"@id":"https:\/\/villaantiguahotel.com\/#organization"},"potentialAction":[{"@type":"SearchAction","target":{"@type":"EntryPoint","urlTemplate":"https:\/\/villaantiguahotel.com\/?s={search_term_string}"},"query-input":{"@type":"PropertyValueSpecification","valueRequired":true,"valueName":"search_term_string"}}],"inLanguage":"es"},{"@type":"Organization","@id":"https:\/\/villaantiguahotel.com\/#organization","name":"Hotel Villa Antigua","url":"https:\/\/villaantiguahotel.com\/","logo":{"@type":"ImageObject","inLanguage":"es","@id":"https:\/\/villaantiguahotel.com\/#\/schema\/logo\/image\/","url":"https:\/\/villaantiguahotel.com\/wp-content\/uploads\/2019\/03\/logo.jpg","contentUrl":"https:\/\/villaantiguahotel.com\/wp-content\/uploads\/2019\/03\/logo.jpg","width":240,"height":229,"caption":"Hotel Villa Antigua"},"image":{"@id":"https:\/\/villaantiguahotel.com\/#\/schema\/logo\/image\/"},"sameAs":["https:\/\/www.facebook.com\/Hotel-Villa-Antigua-in-Sucre-Bolivia-136777549722346\/","https:\/\/www.linkedin.com\/in\/hotel-villa-antigua-villa-6946686b\/"]}]}},"_links":{"self":[{"href":"https:\/\/villaantiguahotel.com\/index.php?rest_route=\/wp\/v2\/pages\/40","targetHints":{"allow":["GET"]}}],"collection":[{"href":"https:\/\/villaantiguahotel.com\/index.php?rest_route=\/wp\/v2\/pages"}],"about":[{"href":"https:\/\/villaantiguahotel.com\/index.php?rest_route=\/wp\/v2\/types\/page"}],"author":[{"embeddable":true,"href":"https:\/\/villaantiguahotel.com\/index.php?rest_route=\/wp\/v2\/users\/1"}],"replies":[{"embeddable":true,"href":"https:\/\/villaantiguahotel.com\/index.php?rest_route=%2Fwp%2Fv2%2Fcomments&post=40"}],"version-history":[{"count":0,"href":"https:\/\/villaantiguahotel.com\/index.php?rest_route=\/wp\/v2\/pages\/40\/revisions"}],"wp:attachment":[{"href":"https:\/\/villaantiguahotel.com\/index.php?rest_route=%2Fwp%2Fv2%2Fmedia&parent=40"}],"curies":[{"name":"wp","href":"https:\/\/api.w.org\/{rel}","templated":true}]}}